-y**2 + 2*y + 2. Let r be 1/4 - (-7)/4. Let d be n(r). Suppose 5*a - 9 = -4*u, 6 = a - d*u - 7. What are the prime factors of a?
5
Let x be 0 - 0*(-3)/(-6). Suppose 2*s + 5 = -2*h - 3, -s + 2*h + 8 = x. Let u = s - -7. List the prime factors of u.
7
Let o(b) = -14*b + 23. Let k(d) be the second derivative of 5*d**3/6 - 4*d**2 + 3*d. Let n(a) = 17*k(a) + 6*o(a). What are the prime factors of n(7)?
3
Suppose 0*d - 4*d = -12. Suppose 9 = d*l - 0*l. What are the prime factors of l?
3
Suppose -9*y + 281 = -2833. What are the prime factors of y?
2, 173
Let h be ((-9)/(-3))/(6/40). Suppose 3*w = -2*l + 36, 0 = -2*l - w + 6*w + h. List the prime factors of l.
3, 5
Let n = 17 + 3. Let l = n + -10. What are the prime factors of l?
2, 5
Let i be 2*2/(-8)*-16. Suppose -5*m - i = -88. List the prime factors of m.
2
Let k(u) be the second derivative of u**5/20 - 2*u**4/3 + 3*u**2 - 2*u. Let d be k(8). Suppose n = d*n - 80. List the prime factors of n.
2
Suppose 16 = 5*s + 2*x, 5*x - 6 = 3*s + 3. Suppose 5*r = -2*j - 19, s*r = j - 2*j - 7. List the prime factors of j.
3
Let r(o) = -4*o + 3. Let i be r(-6). Let b = i + -17. What are the prime factors of (b - 13) + 1*17?
2, 7
Let i be (-4)/(-14) + 240/42. Suppose -w = -i*w + 40. Suppose 2*b + w = g, 0 = -2*g - 0*g + 3*b + 19. List the prime factors of g.
2, 7
Let b be 212/(-10) + 4/20. Let n be (-6)/(-21) - 141/b. Let a = n + 1. What are the prime factors of a?
2
Suppose -945 = 61*w - 66*w. List the prime factors of w.
3, 7
Let p = 28 - 18. What are the prime factors of p?
2, 5
Suppose 2*h + 14 + 0 = 0. Let x(l) = -3*l + 37. Let a(q) = q - 18. Let d(u) = -5*a(u) - 2*x(u). List the prime factors of d(h).
3
Suppose 0 = 11*w - 0*w - 1870. What are the prime factors of w?
2, 5, 17
Let w(v) = -v**2 + 3*v + 1. Let q be w(2). What are the prime factors of ((-7)/q)/(2/(-6))?
7
Suppose -2*x + 17 = -2*u - 5, 4*u - 34 = -2*x. List the prime factors of x.
13
Let o = 350 - 127. What are the prime factors of o?
223
Suppose -5*u = 6*f - 2*f, -u = -5*f. Suppose -4*g + 3*c + 27 = f, 0 = 3*c - 1 + 4. Suppose -36 = -g*i + 2*i. What are the prime factors of i?
3
Suppose -3*u + 25 = -2*u. What are the prime factors of u?
5
Let z be 5/(-15) + 2/6. Suppose z = o, 4*c + 4*o = 3*c + 8. What are the prime factors of c?
2
Suppose 50 - 2 = 4*c. What are the prime factors of c?
2, 3
Let c = 38 + -24. What are the prime factors of c?
2, 7
Suppose -673 = -4*o + f, 3*o + 4*f = 5*o - 354. Suppose 3*y = -3*n + 129, -2*n - 69 = -5*y + o. What are the prime factors of y?
2, 23
Let c(l) = -l**3 + 7*l**2 + 8*l + 6. Let n be c(8). Let a = 1 + 1. Suppose -y - 2*z + 14 = 0, y + a*y = 3*z + n. List the prime factors of y.
2, 3
Suppose -105 = 3*v + 2*v. Let j = -3 - v. List the prime factors of j.
2, 3
Suppose 546 = 4*h + p, 0*p + 3*p = -5*h + 679. List the prime factors of h.
137
Let b be (-2)/(-1 - 3/(-6)). Let f(q) = -q**3 - 4*q**2 - q + 2. Let k be f(3). List the prime factors of (2/b)/((-4)/k).
2
Suppose 59 = -5*r + 279. What are the prime factors of r?
2, 11
Let n(a) = -a**2 - 7*a + 8. Let s be (-22)/3 + (-3)/(-9). Let r = 0 + s. What are the prime factors of n(r)?
2
Suppose 0*k - 10 = -5*k. Suppose 0 = -k*p - p. Suppose p = 3*y - 18 - 15. List the prime factors of y.
11
Let i be 1/((-2)/6*-3). Suppose -1 = a + i. List the prime factors of a*(-1*2 - 0).
2
Let a(n) = 3*n**2 + 6*n. What are the prime factors of a(-4)?
2, 3
Suppose -a + 3 = -21. Suppose -l = -2*z + 3*z - a, 3*z - 5*l - 88 = 0. What are the prime factors of z?
2, 13
Let a be 2/9 + (-12)/54. Suppose a*u + 25 = u. List the prime factors of u.
5
Let i(q) = q + 2*q + 9 - 4*q + 0*q. What are the prime factors of i(4)?
5
Let d = -33 + 22. Let p = d - -19. What are the prime factors of p?
2
Let s be (6/4)/(3/10). Let o(r) = r - 6. Let k be o(10). Suppose -k*q = -s*q + 8. List the prime factors of q.
2
Let y(g) = g**2 - g - 2. Let p be y(5). Let m = p + -12. What are the prime factors of m?
2, 3
Suppose -5*y - 369 = -8*y. What are the prime factors of y?
3, 41
Let u(f) be the second derivative of f**4/6 + f**3/3 + 2*f. Let p be u(-2). Suppose j = 5*m + 1 + p, -4*j + 5*m = -50. List the prime factors of j.
3, 5
Suppose -21*q + 27*q = 1482. List the prime factors of q.
13, 19
Suppose 3*i = f + 190, 2*i - 75 = i - 2*f. Suppose -4*d - d = -i. What are the prime factors of d?
13
Let l = 79 + -40. List the prime factors of l.
3, 13
Suppose 7*s = 39 + 2271. List the prime factors of s.
2, 3, 5, 11
Let f(p) = -29*p + 4. List the prime factors of f(-2).
2, 31
Let j be (-33)/(-3*(-2)/(-6)). Let d = j + -20. What are the prime factors of d?
13
Let c = -30 + 65. Suppose c = -3*z - 2*z. What are the prime factors of 2/z*7*-1?
2
Let k(g) = g**2 - 2*g + 145. What are the prime factors of k(0)?
5, 29
Let q be 1/4 - (-97)/(-4). Let m = -14 - q. Suppose 4*p + 3 = -u + m, 5*u = 3*p + 35. What are the prime factors of u?
7
Let f be (-18)/(-2) - (0 - -3). What are the prime factors of (f/(-9))/(6/(-18))?
2
Suppose 0*x = 4*x + 36. Let p be 6*(2 - (-12)/x). Suppose -p*g - i + 28 = -3*i, -i = -4*g + 26. List the prime factors of g.
2, 3
Suppose -1682 = -5*p + 3*n - 6*n, 0 = -4*p + 3*n + 1324. What are the prime factors of p?
2, 167
Let u(o) = o**2. Let v be u(-3). Suppose -2*q - 3 + v = 0. Let a = 4 + q. What are the prime factors of a?
7
Suppose 3*x = x - 12. Let v be (-4)/x*(-2 + -1). List the prime factors of -1 + -7*2/v.
2, 3
Let s = -4 - -16. What are the prime factors of s?
2, 3
Suppose 8*j - 6*j = -4. Suppose -28 + 6 = k. What are the prime factors of j/4*k + 1?
2, 3
Let v(b) = b**3 + 5*b**2 - 2*b + 5. Suppose 3*y - 4*y = -2, 5*a + 4*y = -12. List the prime factors of v(a).
29
Suppose -20 = 5*n - 2*g, -4*n + 9 + 3 = 4*g. Let q be n - 3 - -3 - -4. Suppose -40 = -q*u - 4. List the prime factors of u.
2, 3
Let y be (-4)/12*(-55 + -2). Suppose -y = -o + 6. List the prime factors of o.
5
Let o = -5 + 2. List the prime factors of o - (-7)/(14/44).
19
Let d(b) be the first derivative of b**4/4 + 4*b**3/3 + b**2 + b - 2. Let t be d(-3). List the prime factors of ((-70)/(-25))/(t/10).
7
Suppose 0 = -3*p - 4*l + 392, -3*p + 254 = -p - l. What are the prime factors of p?
2
Let g = 3 + 1. Suppose -5*y + 80 + 18 = -g*l, 5*y + l = 88. What are the prime factors of y?
2, 3
Suppose 4*u - 141 - 91 = 0. What are the prime factors of u?
2, 29
Suppose 0 = 5*s - 88 + 18. Let o = s + -9. List the prime factors of o.
5
Suppose -3*s + 6 = -0*s. Suppose -s*z = -24 - 14. Suppose 4*d - z = 21. List the prime factors of d.
2, 5
Let k = 1 - -4. Suppose -5*g + 53 = h, 0*g = -3*g - k*h + 23. List the prime factors of g.
11
Suppose v = -0*v + 5. Let f(b) = -8*b + 0*b**2 - b**2 - b + v + 3*b. List the prime factors of f(-6).
5
Suppose -4*g = -13*g + 810. List the prime factors of g.
2, 3, 5
Let b(o) = 16*o**2 - 14*o + 22. Let k(f) = 5*f**2 - 5*f + 7. Let q(l) = -3*b(l) + 10*k(l). List the prime factors of q(5).
2, 7
Let q(t) = 10*t**2 + 4*t. Let h be (12/(-8) + 2)*-4. What are the prime factors of q(h)?
2
Let l(j) = -2*j. Suppose 3*z + 1 = 5*s - 1, 0 = 3*z + 12. Let m be l(s). Suppose 54 - 15 = 5*k + m*b, -k = -b - 15. What are the prime factors of k?
11
Let b = -21 + 115. What are the prime factors of b?
2, 47
Suppose -5*w + 3*g + 20 = -11, 3*g = 2*w - 16. Suppose -5*t + 9 = -3*r - 2*t, 3*r + 3*t = -3. Let a = r + w. What are the prime factors of a?
3
Suppose -3*u + 61 = -2. List the prime factors of u.
3, 7
Suppose 5*v + 4*d = 79, -4*d = -3*v - 2*d + 43. Let r = 2 + v. What are the prime factors of r?
17
Let y = -10 - -14. Suppose 4*q + 79 = y*x + x, -18 = -2*x + 5*q. What are the prime factors of x?
19
Let w be 0/1 - (-28)/14. Suppose 0*a - 42 = -w*a. List the prime factors of a.
3, 7
Let o(d) = d**2 - 2*d - 1. List the prime factors of o(-5).
2, 17
Let c be 0/1*4/4. Suppose -4*h + 56 - 4 = c. List the prime factors of h.
13
Let y(o) = o**3 + 18*o**2 + 36*o - 18. List the prime factors of y(-14).
2, 131
Let l be 2/(-10) + (-2)/(-10). Suppose l = 2*s + s. Let j = s + 18. What are the prime factors of j?
2, 3
Suppose z = -3*k + 106, 2*z - 4*k = -0*k + 202. What are the prime factors of z?
103
What are the prime factors of 310 + (-1 + 3 - 1) - -4?
3, 5, 7
Let t(x) = x**3 + x**2 + x - 12. Let m be t(0). What are the prime factors of -2 